or of 585 and 5940?
45
What is the greatest common divisor of 394648 and 24?
8
What is the highest common factor of 48 and 2928?
48
What is the highest common factor of 792 and 2766808?
88
Calculate the greatest common factor of 90 and 5362470.
90
Calculate the highest common factor of 445 and 26515.
5
Calculate the highest common divisor of 312 and 105651.
39
What is the highest common factor of 55577 and 3357?
373
Calculate the greatest common divisor of 8560 and 32635.
535
What is the greatest common divisor of 7138 and 15272?
166
What is the greatest common factor of 70590 and 156?
78
Calculate the highest common divisor of 15444 and 207493.
143
Calculate the greatest common divisor of 175 and 2765.
35
Calculate the greatest common divisor of 242 and 39842.
22
What is the greatest common divisor of 68 and 3428?
4
What is the highest common divisor of 897 and 7906457?
299
What is the highest common factor of 101925 and 6075?
675
Calculate the greatest common factor of 849 and 2312959.
283
What is the highest common divisor of 21659 and 363?
121
Calculate the greatest common factor of 782928 and 144.
144
Calculate the highest common divisor of 411784 and 24.
8
Calculate the greatest common divisor of 28879 and 5.
1
Calculate the highest common divisor of 54003 and 21831.
1149
What is the greatest common factor of 29 and 107213?
29
What is the greatest common divisor of 4340 and 43960?
140
Calculate the highest common factor of 2 and 398262.
2
Calculate the greatest common divisor of 112790 and 50.
10
Calculate the greatest common divisor of 4 and 8314.
2
Calculate the greatest common factor of 1414 and 64.
2
What is the greatest common factor of 549 and 344101?
61
Calculate the greatest common factor of 333984 and 224.
224
What is the greatest common divisor of 373940 and 35?
35
Calculate the highest common divisor of 1007 and 33307.
19
Calculate the greatest common divisor of 35454 and 171.
57
Calculate the greatest common divisor of 2768 and 196874.
346
What is the greatest common factor of 3204 and 3096?
36
What is the greatest common divisor of 838288 and 242?
242
What is the highest common factor of 8279 and 25811?
487
What is the highest common divisor of 138 and 1585689?
69
Calculate the greatest common factor of 19024 and 33784.
328
What is the highest common factor of 14415 and 18?
3
Calculate the highest common factor of 3040 and 328480.
160
Calculate the highest common divisor of 32375 and 56425.
925
Calculate the greatest common divisor of 8 and 159880.
8
Calculate the highest common factor of 88 and 408166.
22
Calculate the highest common divisor of 17986 and 1326.
34
Calculate the greatest common factor of 15 and 1702455.
15
What is the highest common divisor of 525 and 550830?
105
What is the highest common divisor of 935 and 16235?
85
What is the highest common factor of 60 and 26361420?
60
What is the highest common factor of 572 and 1254?
22
What is the greatest common divisor of 33573 and 969?
57
Calculate the highest common divisor of 133 and 1183.
7
What is the highest common divisor of 160 and 19960?
40
What is the greatest common factor of 3987233 and 515?
103
Calculate the highest common factor of 2884984 and 248.
248
Calculate the greatest common divisor of 5752 and 872.
8
Calculate the highest common factor of 533 and 99753.
41
What is the greatest common factor of 1572 and 318330?
786
What is the greatest common divisor of 11 and 278157?
11
What is the greatest common factor of 37609 and 8437?
143
What is the highest common factor of 4 and 159934?
2
What is the highest common divisor of 9104 and 153061?
569
Calculate the greatest common divisor of 58634 and 6422.
38
What is the greatest common divisor of 52 and 12959?
1
Calculate the greatest common divisor of 1421483 and 427.
427
Calculate the highest common factor of 376 and 572648.
376
Calculate the highest common factor of 30168 and 696.
24
What is the highest common divisor of 684 and 37548?
36
What is the greatest common factor of 34 and 29206?
34
What is the highest common divisor of 225 and 19875?
75
Calculate the highest common divisor of 1067274 and 468.
234
Calculate the greatest common factor of 13 and 195897.
13
Calculate the greatest common factor of 12296 and 261.
29
Calculate the highest common divisor of 1180764 and 468.
468
Calculate the highest common factor of 2897541 and 27.
9
What is the highest common divisor of 870 and 3855?
15
Calculate the highest common factor of 24932 and 20884.
92
What is the highest common factor of 22 and 7049603?
11
Calculate the highest common divisor of 2983 and 14444.
157
Calculate the greatest common factor of 49817 and 271583.
1607
Calculate the highest common divisor of 1390858 and 98.
14
Calculate the highest common factor of 36 and 582012.
36
Calculate the greatest common factor of 50 and 215990.
10
What is the highest common divisor of 28830 and 445?
5
Calculate the highest common factor of 1308 and 219417.
327
What is the greatest common factor of 281014 and 123?
41
What is the highest common factor of 3681 and 21677?
409
Calculate the highest common divisor of 27 and 1737.
9
What is the highest common factor of 38780 and 32132?
1108
Calculate the greatest common factor of 45 and 133305.
15
What is the greatest common factor of 12084 and 204?
12
Calculate the greatest common factor of 124936 and 19400.
776
Calculate the greatest common divisor of 55 and 1360810.
55
Calculate the highest common factor of 28954 and 18.
2
Calculate the greatest common factor of 832 and 3991.
13
What is the highest common divisor of 3966 and 286874?
1322
Calculate the highest common factor of 286 and 33319.
143
What is the highest common divisor of 466 and 89705?
233
Calculate the highest common divisor of 11415 and 22695.
15
Calculate the greatest common factor of 6996 and 20405.
583
Calculate the highest common divisor of 633 and 4853.
211
Calculate the greatest common factor of 3140380 and 20.
20
What is the greatest common factor of 156 and 51384?
12
Calculate the highest common divisor of 145166 and 28.
14
What is the greatest common divisor of 11256 and 73432?
536
What is the highest common factor of 1096050 and 15?
15
What is the highest common divisor of 3 and 1419921?
3
Calculate the greatest common factor of 32 and 346208.
32
Calculate the highest common factor of 234 and 7848.
18
What is the greatest common factor of 208 and 20696?
104
Calculate the highest common divisor of 412479 and 27.
27
What is the highest common factor of 34485 and 2695?
55
What is the greatest common divisor of 413 and 5242268?
59
What is the greatest common factor of 382 and 103331?
191
Calculate the highest common factor of 164500 and 2800.
700
What is the greatest common divisor of 263036 and 152?
76
Calculate the greatest common factor of 23329 and 1107.
41
Calculate the highest common divisor of 7254 and 15066.
558
Calculate the highest common divisor of 157986 and 5109.
393
What is the highest common factor of 1940 and 20?
20
What is the highest common divisor of 8376 and 408?
24
What is the greatest common factor of 6244 and 7168?
28
What is the highest common divisor of 3094 and 238?
238
Calculate the highest common factor of 22 and 713878.
22
What is the greatest common divisor of 53880 and 1460?
20
Calculate the highest common divisor of 20 and 113110.
10
What is the greatest common divisor of 1298 and 9359878?
1298
What is the highest common factor of 7830 and 29160?
270
What is the greatest common factor of 381 and 102997?
127
Calculate the highest common divisor of 12792 and 4387.
41
Calculate the greatest common divisor of 8346 and 3198.
78
What is the greatest common divisor of 42 and 85673?
7
Calculate the greatest common factor of 120 and 465345.
15
What is the highest common factor of 956 and 26?
2
Calculate the greatest common factor of 113109 and 555.
111
What is the greatest common factor of 507157 and 106?
53
What is the highest common divisor of 199075 and 25?
25
Calculate the highest common factor of 767 and 2183.
59
What is the greatest common factor of 25050 and 16350?
150
What is the greatest common divisor of 28 and 1447138?
14
Calculate the greatest common divisor of 165 and 157740.
165
Calculate the highest 